{"id":9024,"date":"2024-10-10T02:33:58","date_gmt":"2024-10-10T02:33:58","guid":{"rendered":"https:\/\/eud.vn\/?post_type=product&#038;p=9024"},"modified":"2024-10-10T02:33:58","modified_gmt":"2024-10-10T02:33:58","slug":"centrepiece-14251-0","status":"publish","type":"product","link":"https:\/\/eud.vn\/index.php\/san-pham\/centrepiece-14251-0\/","title":{"rendered":"CENTREPIECE 14251.0"},"content":{"rendered":"","protected":false},"excerpt":{"rendered":"<div><span style=\"color: #ff9900;\"><strong><span style=\"color: #bb892c;\">TH\u00d4NG S\u1ed0 K\u1ef8 THU\u1eacT<\/span><\/strong><\/span><\/div>\n<div>\n<p>K\u00edch th\u01b0\u1edbc (cm) (D\u00e0i x R\u1ed9ng x Cao): W40 x H37<br \/>\nC\u00e2n n\u1eb7ng: 10,00 kg | 22,03 lb<br \/>\n<span style=\"color: #ff9900;\"><strong><span style=\"color: #bb892c;\">M\u00d4 T\u1ea2 S\u1ea2N PH\u1ea8M<br \/>\n<\/span><\/strong><\/span>S\u1ea3n ph\u1ea9m l\u00e0 \u0111\u1ed9 n\u1ed9i th\u1ea5t th\u1ee7 c\u00f4ng<br \/>\nCh\u1ea5t li\u1ec7u s\u1ea3n ph\u1ea9m \u0111\u01b0\u1ee3c l\u00e0m t\u1eeb \u0111\u1ed3ng \u0111\u00fac, \u0111\u00e1 th\u1ea1ch cao v\u00e0 m\u00e1y m\u00f3c c\u1ee7a \u0110\u1ee9c<\/p>\n<\/div>\n","protected":false},"featured_media":9025,"template":"","meta":{"site-sidebar-layout":"default","site-content-layout":"default","ast-global-header-display":"","ast-banner-title-visibility":"","ast-main-header-display":"","ast-hfb-above-header-display":"","ast-hfb-below-header-display":"","ast-hfb-mobile-header-display":"","site-post-title":"","ast-breadcrumbs-content":"","ast-featured-img":"","footer-sml-layout":"","theme-transparent-header-meta":"default","adv-header-id-meta":"","stick-header-meta":"","header-above-stick-meta":"","header-main-stick-meta":"","header-below-stick-meta":""},"product_cat":[111,36],"product_tag":[],"class_list":{"0":"post-9024","1":"product","2":"type-product","3":"status-publish","4":"has-post-thumbnail","6":"product_cat-centrepiece","7":"product_cat-do-trung-bay","8":"desktop-align-left","9":"tablet-align-left","10":"mobile-align-left","12":"first","13":"instock","14":"taxable","15":"shipping-taxable","16":"product-type-simple"},"_links":{"self":[{"href":"https:\/\/eud.vn\/index.php\/wp-json\/wp\/v2\/product\/9024","targetHints":{"allow":["GET"]}}],"collection":[{"href":"https:\/\/eud.vn\/index.php\/wp-json\/wp\/v2\/product"}],"about":[{"href":"https:\/\/eud.vn\/index.php\/wp-json\/wp\/v2\/types\/product"}],"version-history":[{"count":1,"href":"https:\/\/eud.vn\/index.php\/wp-json\/wp\/v2\/product\/9024\/revisions"}],"predecessor-version":[{"id":9029,"href":"https:\/\/eud.vn\/index.php\/wp-json\/wp\/v2\/product\/9024\/revisions\/9029"}],"wp:featuredmedia":[{"embeddable":true,"href":"https:\/\/eud.vn\/index.php\/wp-json\/wp\/v2\/media\/9025"}],"wp:attachment":[{"href":"https:\/\/eud.vn\/index.php\/wp-json\/wp\/v2\/media?parent=9024"}],"wp:term":[{"taxonomy":"product_cat","embeddable":true,"href":"https:\/\/eud.vn\/index.php\/wp-json\/wp\/v2\/product_cat?post=9024"},{"taxonomy":"product_tag","embeddable":true,"href":"https:\/\/eud.vn\/index.php\/wp-json\/wp\/v2\/product_tag?post=9024"}],"curies":[{"name":"wp","href":"https:\/\/api.w.org\/{rel}","templated":true}]}}