{"id":3030,"date":"2024-08-13T02:44:35","date_gmt":"2024-08-13T02:44:35","guid":{"rendered":"https:\/\/eud.vn\/?page_id=3030"},"modified":"2024-10-09T00:43:07","modified_gmt":"2024-10-09T00:43:07","slug":"trang-chu-san-pham","status":"publish","type":"page","link":"https:\/\/eud.vn\/index.php\/trang-chu-san-pham\/","title":{"rendered":"Trang ch\u1ee7 S\u1ea3n ph\u1ea9m"},"content":{"rendered":"\t\t<div data-elementor-type=\"wp-page\" data-elementor-id=\"3030\" class=\"elementor elementor-3030\" data-elementor-settings=\"[]\">\n\t\t\t\t\t\t\t<div class=\"elementor-section-wrap\">\n\t\t\t\t\t\t\t<section class=\"elementor-section elementor-top-section elementor-element elementor-element-0d9775f elementor-section-boxed elementor-section-height-default elementor-section-height-default\" data-id=\"0d9775f\" data-element_type=\"section\">\n\t\t\t\t\t\t<div class=\"elementor-container elementor-column-gap-default\">\n\t\t\t\t\t<div class=\"elementor-column elementor-col-100 elementor-top-column elementor-element elementor-element-15b1bdc\" data-id=\"15b1bdc\" data-element_type=\"column\">\n\t\t\t<div class=\"elementor-widget-wrap\">\n\t\t\t\t\t\t\t\t\t<\/div>\n\t\t<\/div>\n\t\t\t\t\t\t\t<\/div>\n\t\t<\/section>\n\t\t\t\t<section class=\"elementor-section elementor-top-section elementor-element elementor-element-03eee03 elementor-section-boxed elementor-section-height-default elementor-section-height-default\" data-id=\"03eee03\" data-element_type=\"section\">\n\t\t\t\t\t\t<div class=\"elementor-container elementor-column-gap-default\">\n\t\t\t\t\t<div class=\"elementor-column elementor-col-100 elementor-top-column elementor-element elementor-element-6b5decf\" data-id=\"6b5decf\" data-element_type=\"column\">\n\t\t\t<div class=\"elementor-widget-wrap elementor-element-populated\">\n\t\t\t\t\t\t\t\t<div class=\"elementor-element elementor-element-2174b89 elementor-widget elementor-widget-heading\" data-id=\"2174b89\" data-element_type=\"widget\" data-widget_type=\"heading.default\">\n\t\t\t\t<div class=\"elementor-widget-container\">\n\t\t\t<h1 class=\"elementor-heading-title elementor-size-default\">CH\u00c0O M\u1eeaNG B\u1ea0N TRUY C\u1eacP GIAN H\u00c0NG EUD<\/h1>\t\t<\/div>\n\t\t\t\t<\/div>\n\t\t\t\t<div class=\"elementor-element elementor-element-c30e76e elementor-widget elementor-widget-woocommerce-breadcrumb\" data-id=\"c30e76e\" data-element_type=\"widget\" data-widget_type=\"woocommerce-breadcrumb.default\">\n\t\t\t\t<div class=\"elementor-widget-container\">\n\t\t\t<nav class=\"woocommerce-breadcrumb\" aria-label=\"Breadcrumb\">Home<\/nav>\t\t<\/div>\n\t\t\t\t<\/div>\n\t\t\t\t\t<\/div>\n\t\t<\/div>\n\t\t\t\t\t\t\t<\/div>\n\t\t<\/section>\n\t\t\t\t<section class=\"elementor-section elementor-top-section elementor-element elementor-element-4ddc8cc elementor-section-boxed elementor-section-height-default elementor-section-height-default\" data-id=\"4ddc8cc\" data-element_type=\"section\">\n\t\t\t\t\t\t<div class=\"elementor-container elementor-column-gap-default\">\n\t\t\t\t\t<div class=\"elementor-column elementor-col-100 elementor-top-column elementor-element elementor-element-374fd13\" data-id=\"374fd13\" data-element_type=\"column\">\n\t\t\t<div class=\"elementor-widget-wrap elementor-element-populated\">\n\t\t\t\t\t\t\t\t<div class=\"elementor-element elementor-element-1a80d61 elementor-grid-3 elementor-product-loop-item--align-center elementor-grid-tablet-3 elementor-grid-mobile-2 elementor-products-grid elementor-wc-products elementor-widget elementor-widget-wc-categories\" data-id=\"1a80d61\" data-element_type=\"widget\" data-widget_type=\"wc-categories.default\">\n\t\t\t\t<div class=\"elementor-widget-container\">\n\t\t\t<div class=\"woocommerce columns-3\"><ul class=\"products elementor-grid columns-3\">\n<li class=\"product-category product first\">\n\t<a aria-label=\"Visit product category N\u1ed8I TH\u1ea4T NH\u1eacP KH\u1ea8U\" href=\"https:\/\/eud.vn\/index.php\/danh-muc-san-pham\/noi-that-nhap-khau\/\"><img loading=\"lazy\" decoding=\"async\" src=\"https:\/\/eud.vn\/wp-content\/uploads\/2024\/10\/Cp6RkE1XgAQkVIr.jpg\" alt=\"N\u1ed8I TH\u1ea4T NH\u1eacP KH\u1ea8U\" width=\"300\" height=\"300\" \/>\t\t<h2 class=\"woocommerce-loop-category__title\">\n\t\t\tN\u1ed8I TH\u1ea4T NH\u1eacP KH\u1ea8U<mark class=\"count\">590 Products<\/mark>\t\t<\/h2>\n\t\t<\/a><\/li>\n<li class=\"product-category product\">\n\t<a aria-label=\"Visit product category \u0110\u1ed2 TR\u01afNG B\u00c0Y\" href=\"https:\/\/eud.vn\/index.php\/danh-muc-san-pham\/do-trung-bay\/\"><img loading=\"lazy\" decoding=\"async\" src=\"https:\/\/eud.vn\/wp-content\/uploads\/2024\/09\/14252-14253-1-300x300.jpg\" alt=\"\u0110\u1ed2 TR\u01afNG B\u00c0Y\" width=\"300\" height=\"300\" \/>\t\t<h2 class=\"woocommerce-loop-category__title\">\n\t\t\t\u0110\u1ed2 TR\u01afNG B\u00c0Y<mark class=\"count\">72 Products<\/mark>\t\t<\/h2>\n\t\t<\/a><\/li>\n<li class=\"product-category product last\">\n\t<a aria-label=\"Visit product category \u0110\u00c8N TRANG TR\u00cd\" href=\"https:\/\/eud.vn\/index.php\/danh-muc-san-pham\/den-trang-chi\/\"><img loading=\"lazy\" decoding=\"async\" src=\"https:\/\/eud.vn\/wp-content\/uploads\/2024\/10\/mariner-table-lamp-19901-gold-800x800-1-300x300.jpg\" alt=\"\u0110\u00c8N TRANG TR\u00cd\" width=\"300\" height=\"300\" \/>\t\t<h2 class=\"woocommerce-loop-category__title\">\n\t\t\t\u0110\u00c8N TRANG TR\u00cd<mark class=\"count\">331 Products<\/mark>\t\t<\/h2>\n\t\t<\/a><\/li>\n<\/ul>\n<\/div>\t\t<\/div>\n\t\t\t\t<\/div>\n\t\t\t\t\t<\/div>\n\t\t<\/div>\n\t\t\t\t\t\t\t<\/div>\n\t\t<\/section>\n\t\t\t\t\t\t<\/div>\n\t\t\t\t\t<\/div>\n\t\t","protected":false},"excerpt":{"rendered":"<p>CH\u00c0O M\u1eeaNG B\u1ea0N TRUY C\u1eacP GIAN H\u00c0NG EUD<\/p>\n","protected":false},"author":1,"featured_media":0,"parent":0,"menu_order":0,"comment_status":"closed","ping_status":"closed","template":"","meta":{"site-sidebar-layout":"left-sidebar","site-content-layout":"page-builder","ast-global-header-display":"","ast-banner-title-visibility":"","ast-main-header-display":"","ast-hfb-above-header-display":"","ast-hfb-below-header-display":"","ast-hfb-mobile-header-display":"","site-post-title":"disabled","ast-breadcrumbs-content":"","ast-featured-img":"disabled","footer-sml-layout":"","theme-transparent-header-meta":"default","adv-header-id-meta":"","stick-header-meta":"","header-above-stick-meta":"","header-main-stick-meta":"","header-below-stick-meta":"","footnotes":""},"class_list":["post-3030","page","type-page","status-publish","hentry"],"_links":{"self":[{"href":"https:\/\/eud.vn\/index.php\/wp-json\/wp\/v2\/pages\/3030","targetHints":{"allow":["GET"]}}],"collection":[{"href":"https:\/\/eud.vn\/index.php\/wp-json\/wp\/v2\/pages"}],"about":[{"href":"https:\/\/eud.vn\/index.php\/wp-json\/wp\/v2\/types\/page"}],"author":[{"embeddable":true,"href":"https:\/\/eud.vn\/index.php\/wp-json\/wp\/v2\/users\/1"}],"replies":[{"embeddable":true,"href":"https:\/\/eud.vn\/index.php\/wp-json\/wp\/v2\/comments?post=3030"}],"version-history":[{"count":23,"href":"https:\/\/eud.vn\/index.php\/wp-json\/wp\/v2\/pages\/3030\/revisions"}],"predecessor-version":[{"id":8855,"href":"https:\/\/eud.vn\/index.php\/wp-json\/wp\/v2\/pages\/3030\/revisions\/8855"}],"wp:attachment":[{"href":"https:\/\/eud.vn\/index.php\/wp-json\/wp\/v2\/media?parent=3030"}],"curies":[{"name":"wp","href":"https:\/\/api.w.org\/{rel}","templated":true}]}}