{"id":1293,"date":"2023-07-28T01:55:11","date_gmt":"2023-07-28T01:55:11","guid":{"rendered":"http:\/\/eud.vn\/?page_id=1293"},"modified":"2024-07-20T02:48:11","modified_gmt":"2024-07-20T02:48:11","slug":"dich-vu","status":"publish","type":"page","link":"https:\/\/eud.vn\/index.php\/dich-vu\/","title":{"rendered":"D\u1ecbch v\u1ee5"},"content":{"rendered":"\t\t<div data-elementor-type=\"wp-page\" data-elementor-id=\"1293\" class=\"elementor elementor-1293\" data-elementor-settings=\"[]\">\n\t\t\t\t\t\t\t<div class=\"elementor-section-wrap\">\n\t\t\t\t\t\t\t<section class=\"elementor-section elementor-top-section elementor-element elementor-element-dd4d42f elementor-section-boxed elementor-section-height-default elementor-section-height-default\" data-id=\"dd4d42f\" data-element_type=\"section\" data-settings=\"{&quot;background_background&quot;:&quot;classic&quot;,&quot;background_motion_fx_motion_fx_scrolling&quot;:&quot;yes&quot;,&quot;background_motion_fx_opacity_effect&quot;:&quot;yes&quot;,&quot;background_motion_fx_opacity_range&quot;:{&quot;unit&quot;:&quot;%&quot;,&quot;size&quot;:&quot;&quot;,&quot;sizes&quot;:{&quot;start&quot;:33,&quot;end&quot;:80}},&quot;background_motion_fx_motion_fx_mouse&quot;:&quot;yes&quot;,&quot;background_motion_fx_mouseTrack_effect&quot;:&quot;yes&quot;,&quot;background_motion_fx_opacity_direction&quot;:&quot;out-in&quot;,&quot;background_motion_fx_opacity_level&quot;:{&quot;unit&quot;:&quot;px&quot;,&quot;size&quot;:10,&quot;sizes&quot;:[]},&quot;background_motion_fx_devices&quot;:[&quot;desktop&quot;,&quot;tablet&quot;,&quot;mobile&quot;],&quot;background_motion_fx_mouseTrack_speed&quot;:{&quot;unit&quot;:&quot;px&quot;,&quot;size&quot;:1,&quot;sizes&quot;:[]}}\">\n\t\t\t\t\t\t\t<div class=\"elementor-background-overlay\"><\/div>\n\t\t\t\t\t\t\t<div class=\"elementor-container elementor-column-gap-default\">\n\t\t\t\t\t<header class=\"elementor-column elementor-col-100 elementor-top-column elementor-element elementor-element-8174652\" data-id=\"8174652\" data-element_type=\"column\">\n\t\t\t<div class=\"elementor-widget-wrap elementor-element-populated\">\n\t\t\t\t\t\t\t\t<div class=\"elementor-element elementor-element-26d2d22 elementor-widget elementor-widget-heading\" data-id=\"26d2d22\" data-element_type=\"widget\" data-widget_type=\"heading.default\">\n\t\t\t\t<div class=\"elementor-widget-container\">\n\t\t\t<h1 class=\"elementor-heading-title elementor-size-default\">D\u1ecaCH V\u1ee4<\/h1>\t\t<\/div>\n\t\t\t\t<\/div>\n\t\t\t\t\t<\/div>\n\t\t<\/header>\n\t\t\t\t\t\t\t<\/div>\n\t\t<\/section>\n\t\t\t\t<section class=\"elementor-section elementor-top-section elementor-element elementor-element-6994ade elementor-section-boxed elementor-section-height-default elementor-section-height-default\" data-id=\"6994ade\" data-element_type=\"section\">\n\t\t\t\t\t\t<div class=\"elementor-container elementor-column-gap-default\">\n\t\t\t\t\t<div class=\"elementor-column elementor-col-33 elementor-top-column elementor-element elementor-element-d8ea8cf\" data-id=\"d8ea8cf\" data-element_type=\"column\">\n\t\t\t<div class=\"elementor-widget-wrap elementor-element-populated\">\n\t\t\t\t\t\t\t\t<div class=\"elementor-element elementor-element-2f910dd elementor-widget elementor-widget-heading\" data-id=\"2f910dd\" data-element_type=\"widget\" data-widget_type=\"heading.default\">\n\t\t\t\t<div class=\"elementor-widget-container\">\n\t\t\t<h2 class=\"elementor-heading-title elementor-size-default\"><a href=\"http:\/\/eud.vn\/index.php\/category\/dich-vu\/thiet-ke-kien-truc\/\">THI\u1ebeT K\u1ebe KI\u1ebeN TR\u00daC<\/a><\/h2>\t\t<\/div>\n\t\t\t\t<\/div>\n\t\t\t\t<div class=\"elementor-element elementor-element-f1ef313 elementor-invisible elementor-widget elementor-widget-image\" data-id=\"f1ef313\" data-element_type=\"widget\" data-settings=\"{&quot;_animation&quot;:&quot;bounceInUp&quot;}\" data-widget_type=\"image.default\">\n\t\t\t\t<div class=\"elementor-widget-container\">\n\t\t\t\t\t\t\t\t\t\t\t\t\t\t\t\t<a href=\"http:\/\/eud.vn\/index.php\/category\/dich-vu\/thiet-ke-kien-truc\/\">\n\t\t\t\t\t\t\t<img loading=\"lazy\" decoding=\"async\" width=\"500\" height=\"416\" src=\"https:\/\/eud.vn\/wp-content\/uploads\/2023\/07\/1kien-truc.jpg\" class=\"attachment-full size-full\" alt=\"\" srcset=\"https:\/\/eud.vn\/wp-content\/uploads\/2023\/07\/1kien-truc.jpg 500w, https:\/\/eud.vn\/wp-content\/uploads\/2023\/07\/1kien-truc-300x250.jpg 300w\" sizes=\"auto, (max-width: 500px) 100vw, 500px\" \/>\t\t\t\t\t\t\t\t<\/a>\n\t\t\t\t\t\t\t\t\t\t\t\t\t\t\t<\/div>\n\t\t\t\t<\/div>\n\t\t\t\t\t<\/div>\n\t\t<\/div>\n\t\t\t\t<div class=\"elementor-column elementor-col-33 elementor-top-column elementor-element elementor-element-5e15abd\" data-id=\"5e15abd\" data-element_type=\"column\">\n\t\t\t<div class=\"elementor-widget-wrap elementor-element-populated\">\n\t\t\t\t\t\t\t\t<div class=\"elementor-element elementor-element-9f1a0bd elementor-widget elementor-widget-heading\" data-id=\"9f1a0bd\" data-element_type=\"widget\" data-widget_type=\"heading.default\">\n\t\t\t\t<div class=\"elementor-widget-container\">\n\t\t\t<h2 class=\"elementor-heading-title elementor-size-default\"><a href=\"http:\/\/eud.vn\/index.php\/category\/dich-vu\/thiet-ke-noi-that\/\">THI\u1ebeT K\u1ebe N\u1ed8I TH\u1ea4T<\/a><\/h2>\t\t<\/div>\n\t\t\t\t<\/div>\n\t\t\t\t<div class=\"elementor-element elementor-element-c3aeed9 elementor-invisible elementor-widget elementor-widget-image\" data-id=\"c3aeed9\" data-element_type=\"widget\" data-settings=\"{&quot;_animation&quot;:&quot;bounceInUp&quot;}\" data-widget_type=\"image.default\">\n\t\t\t\t<div class=\"elementor-widget-container\">\n\t\t\t\t\t\t\t\t\t\t\t\t\t\t\t\t<a href=\"http:\/\/eud.vn\/index.php\/category\/dich-vu\/thiet-ke-noi-that\/\">\n\t\t\t\t\t\t\t<img loading=\"lazy\" decoding=\"async\" width=\"500\" height=\"416\" src=\"https:\/\/eud.vn\/wp-content\/uploads\/2023\/07\/2noi-that.jpg\" class=\"attachment-full size-full\" alt=\"\" srcset=\"https:\/\/eud.vn\/wp-content\/uploads\/2023\/07\/2noi-that.jpg 500w, https:\/\/eud.vn\/wp-content\/uploads\/2023\/07\/2noi-that-300x250.jpg 300w\" sizes=\"auto, (max-width: 500px) 100vw, 500px\" \/>\t\t\t\t\t\t\t\t<\/a>\n\t\t\t\t\t\t\t\t\t\t\t\t\t\t\t<\/div>\n\t\t\t\t<\/div>\n\t\t\t\t\t<\/div>\n\t\t<\/div>\n\t\t\t\t<div class=\"elementor-column elementor-col-33 elementor-top-column elementor-element elementor-element-3025916\" data-id=\"3025916\" data-element_type=\"column\">\n\t\t\t<div class=\"elementor-widget-wrap elementor-element-populated\">\n\t\t\t\t\t\t\t\t<div class=\"elementor-element elementor-element-ad23e1d elementor-widget elementor-widget-heading\" data-id=\"ad23e1d\" data-element_type=\"widget\" data-widget_type=\"heading.default\">\n\t\t\t\t<div class=\"elementor-widget-container\">\n\t\t\t<h2 class=\"elementor-heading-title elementor-size-default\"><a href=\"http:\/\/eud.vn\/index.php\/2023\/07\/14\/thi-cong-xay-dung\/\">THI C\u00d4NG X\u00c2Y D\u1ef0NG<\/a><\/h2>\t\t<\/div>\n\t\t\t\t<\/div>\n\t\t\t\t<div class=\"elementor-element elementor-element-0c54e9d elementor-invisible elementor-widget elementor-widget-image\" data-id=\"0c54e9d\" data-element_type=\"widget\" data-settings=\"{&quot;_animation&quot;:&quot;bounceInUp&quot;}\" data-widget_type=\"image.default\">\n\t\t\t\t<div class=\"elementor-widget-container\">\n\t\t\t\t\t\t\t\t\t\t\t\t\t\t\t\t<a href=\"http:\/\/eud.vn\/index.php\/2023\/07\/14\/thi-cong-xay-dung\/\">\n\t\t\t\t\t\t\t<img loading=\"lazy\" decoding=\"async\" width=\"500\" height=\"416\" src=\"https:\/\/eud.vn\/wp-content\/uploads\/2023\/07\/3thicong.jpg\" class=\"attachment-large size-large\" alt=\"\" srcset=\"https:\/\/eud.vn\/wp-content\/uploads\/2023\/07\/3thicong.jpg 500w, https:\/\/eud.vn\/wp-content\/uploads\/2023\/07\/3thicong-300x250.jpg 300w\" sizes=\"auto, (max-width: 500px) 100vw, 500px\" \/>\t\t\t\t\t\t\t\t<\/a>\n\t\t\t\t\t\t\t\t\t\t\t\t\t\t\t<\/div>\n\t\t\t\t<\/div>\n\t\t\t\t\t<\/div>\n\t\t<\/div>\n\t\t\t\t\t\t\t<\/div>\n\t\t<\/section>\n\t\t\t\t<section class=\"elementor-section elementor-top-section elementor-element elementor-element-2bc2459 elementor-section-boxed elementor-section-height-default elementor-section-height-default\" data-id=\"2bc2459\" data-element_type=\"section\">\n\t\t\t\t\t\t<div class=\"elementor-container elementor-column-gap-default\">\n\t\t\t\t\t<div class=\"elementor-column elementor-col-100 elementor-top-column elementor-element elementor-element-ed4a5ce\" data-id=\"ed4a5ce\" data-element_type=\"column\">\n\t\t\t<div class=\"elementor-widget-wrap elementor-element-populated\">\n\t\t\t\t\t\t\t\t<div class=\"elementor-element elementor-element-3e9f1bf elementor-widget-divider--view-line elementor-widget elementor-widget-divider\" data-id=\"3e9f1bf\" data-element_type=\"widget\" data-widget_type=\"divider.default\">\n\t\t\t\t<div class=\"elementor-widget-container\">\n\t\t\t\t\t<div class=\"elementor-divider\">\n\t\t\t<span class=\"elementor-divider-separator\">\n\t\t\t\t\t\t<\/span>\n\t\t<\/div>\n\t\t\t\t<\/div>\n\t\t\t\t<\/div>\n\t\t\t\t\t<\/div>\n\t\t<\/div>\n\t\t\t\t\t\t\t<\/div>\n\t\t<\/section>\n\t\t\t\t<section class=\"elementor-section elementor-top-section elementor-element elementor-element-8e2605c elementor-section-boxed elementor-section-height-default elementor-section-height-default\" data-id=\"8e2605c\" data-element_type=\"section\">\n\t\t\t\t\t\t<div class=\"elementor-container elementor-column-gap-default\">\n\t\t\t\t\t<div class=\"elementor-column elementor-col-33 elementor-top-column elementor-element elementor-element-72cee53\" data-id=\"72cee53\" data-element_type=\"column\">\n\t\t\t<div class=\"elementor-widget-wrap elementor-element-populated\">\n\t\t\t\t\t\t\t\t<div class=\"elementor-element elementor-element-6d10872 elementor-widget elementor-widget-heading\" data-id=\"6d10872\" data-element_type=\"widget\" data-widget_type=\"heading.default\">\n\t\t\t\t<div class=\"elementor-widget-container\">\n\t\t\t<h2 class=\"elementor-heading-title elementor-size-default\"><a href=\"http:\/\/eud.vn\/index.php\/category\/dich-vu\/noi-that-nhap-khau\/\">N\u1ed8I TH\u1ea4T NH\u1eacP KH\u1ea8U<\/a><\/h2>\t\t<\/div>\n\t\t\t\t<\/div>\n\t\t\t\t<div class=\"elementor-element elementor-element-3b40c44 elementor-invisible elementor-widget elementor-widget-image\" data-id=\"3b40c44\" data-element_type=\"widget\" data-settings=\"{&quot;_animation&quot;:&quot;bounceInUp&quot;}\" data-widget_type=\"image.default\">\n\t\t\t\t<div class=\"elementor-widget-container\">\n\t\t\t\t\t\t\t\t\t\t\t\t\t\t\t\t<a href=\"http:\/\/eud.vn\/index.php\/category\/dich-vu\/noi-that-nhap-khau\/\">\n\t\t\t\t\t\t\t<img loading=\"lazy\" decoding=\"async\" width=\"800\" height=\"666\" src=\"https:\/\/eud.vn\/wp-content\/uploads\/2023\/07\/4noi-that-nhap-khau.jpg\" class=\"attachment-full size-full\" alt=\"\" srcset=\"https:\/\/eud.vn\/wp-content\/uploads\/2023\/07\/4noi-that-nhap-khau.jpg 800w, https:\/\/eud.vn\/wp-content\/uploads\/2023\/07\/4noi-that-nhap-khau-600x500.jpg 600w, https:\/\/eud.vn\/wp-content\/uploads\/2023\/07\/4noi-that-nhap-khau-300x250.jpg 300w, https:\/\/eud.vn\/wp-content\/uploads\/2023\/07\/4noi-that-nhap-khau-768x639.jpg 768w\" sizes=\"auto, (max-width: 800px) 100vw, 800px\" \/>\t\t\t\t\t\t\t\t<\/a>\n\t\t\t\t\t\t\t\t\t\t\t\t\t\t\t<\/div>\n\t\t\t\t<\/div>\n\t\t\t\t\t<\/div>\n\t\t<\/div>\n\t\t\t\t<div class=\"elementor-column elementor-col-33 elementor-top-column elementor-element elementor-element-ba2913d\" data-id=\"ba2913d\" data-element_type=\"column\">\n\t\t\t<div class=\"elementor-widget-wrap elementor-element-populated\">\n\t\t\t\t\t\t\t\t<div class=\"elementor-element elementor-element-5109a5a elementor-widget elementor-widget-heading\" data-id=\"5109a5a\" data-element_type=\"widget\" data-widget_type=\"heading.default\">\n\t\t\t\t<div class=\"elementor-widget-container\">\n\t\t\t<h2 class=\"elementor-heading-title elementor-size-default\"><a href=\"http:\/\/eud.vn\/index.php\/category\/dich-vu\/den-trang-tri\/\">\u0110\u00c8N TRANG TR\u00cd<\/a><\/h2>\t\t<\/div>\n\t\t\t\t<\/div>\n\t\t\t\t<div class=\"elementor-element elementor-element-52ce017 elementor-invisible elementor-widget elementor-widget-image\" data-id=\"52ce017\" data-element_type=\"widget\" data-settings=\"{&quot;_animation&quot;:&quot;bounceInUp&quot;}\" data-widget_type=\"image.default\">\n\t\t\t\t<div class=\"elementor-widget-container\">\n\t\t\t\t\t\t\t\t\t\t\t\t\t\t\t\t<a href=\"http:\/\/eud.vn\/index.php\/category\/dich-vu\/den-trang-tri\/\">\n\t\t\t\t\t\t\t<img loading=\"lazy\" decoding=\"async\" width=\"800\" height=\"666\" src=\"https:\/\/eud.vn\/wp-content\/uploads\/2023\/07\/5den-trang-tri.jpg\" class=\"attachment-full size-full\" alt=\"\" srcset=\"https:\/\/eud.vn\/wp-content\/uploads\/2023\/07\/5den-trang-tri.jpg 800w, https:\/\/eud.vn\/wp-content\/uploads\/2023\/07\/5den-trang-tri-600x500.jpg 600w, https:\/\/eud.vn\/wp-content\/uploads\/2023\/07\/5den-trang-tri-300x250.jpg 300w, https:\/\/eud.vn\/wp-content\/uploads\/2023\/07\/5den-trang-tri-768x639.jpg 768w\" sizes=\"auto, (max-width: 800px) 100vw, 800px\" \/>\t\t\t\t\t\t\t\t<\/a>\n\t\t\t\t\t\t\t\t\t\t\t\t\t\t\t<\/div>\n\t\t\t\t<\/div>\n\t\t\t\t\t<\/div>\n\t\t<\/div>\n\t\t\t\t<div class=\"elementor-column elementor-col-33 elementor-top-column elementor-element elementor-element-1b1b1c3\" data-id=\"1b1b1c3\" data-element_type=\"column\">\n\t\t\t<div class=\"elementor-widget-wrap elementor-element-populated\">\n\t\t\t\t\t\t\t\t<div class=\"elementor-element elementor-element-57098a3 elementor-widget elementor-widget-heading\" data-id=\"57098a3\" data-element_type=\"widget\" data-widget_type=\"heading.default\">\n\t\t\t\t<div class=\"elementor-widget-container\">\n\t\t\t<h2 class=\"elementor-heading-title elementor-size-default\"><a href=\"http:\/\/eud.vn\/index.php\/category\/dich-vu\/do-trung-bay\/\">\u0110\u1ed2 TR\u01afNG B\u00c0Y<\/a><\/h2>\t\t<\/div>\n\t\t\t\t<\/div>\n\t\t\t\t<div class=\"elementor-element elementor-element-b7eacff elementor-invisible elementor-widget elementor-widget-image\" data-id=\"b7eacff\" data-element_type=\"widget\" data-settings=\"{&quot;_animation&quot;:&quot;bounceInUp&quot;}\" data-widget_type=\"image.default\">\n\t\t\t\t<div class=\"elementor-widget-container\">\n\t\t\t\t\t\t\t\t\t\t\t\t\t\t\t\t<a href=\"http:\/\/eud.vn\/index.php\/category\/dich-vu\/do-trung-bay\/\">\n\t\t\t\t\t\t\t<img loading=\"lazy\" decoding=\"async\" width=\"800\" height=\"666\" src=\"https:\/\/eud.vn\/wp-content\/uploads\/2023\/07\/6do-trung-bay.jpg\" class=\"attachment-large size-large\" alt=\"\" srcset=\"https:\/\/eud.vn\/wp-content\/uploads\/2023\/07\/6do-trung-bay.jpg 800w, https:\/\/eud.vn\/wp-content\/uploads\/2023\/07\/6do-trung-bay-600x500.jpg 600w, https:\/\/eud.vn\/wp-content\/uploads\/2023\/07\/6do-trung-bay-300x250.jpg 300w, https:\/\/eud.vn\/wp-content\/uploads\/2023\/07\/6do-trung-bay-768x639.jpg 768w\" sizes=\"auto, (max-width: 800px) 100vw, 800px\" \/>\t\t\t\t\t\t\t\t<\/a>\n\t\t\t\t\t\t\t\t\t\t\t\t\t\t\t<\/div>\n\t\t\t\t<\/div>\n\t\t\t\t\t<\/div>\n\t\t<\/div>\n\t\t\t\t\t\t\t<\/div>\n\t\t<\/section>\n\t\t\t\t\t\t<\/div>\n\t\t\t\t\t<\/div>\n\t\t","protected":false},"excerpt":{"rendered":"<p>D\u1ecaCH V\u1ee4 THI\u1ebeT K\u1ebe KI\u1ebeN TR\u00daC THI\u1ebeT K\u1ebe N\u1ed8I TH\u1ea4T THI C\u00d4NG X\u00c2Y D\u1ef0NG N\u1ed8I TH\u1ea4T NH\u1eacP KH\u1ea8U \u0110\u00c8N TRANG TR\u00cd \u0110\u1ed2 TR\u01afNG B\u00c0Y<\/p>\n","protected":false},"author":1,"featured_media":0,"parent":0,"menu_order":0,"comment_status":"closed","ping_status":"closed","template":"","meta":{"site-sidebar-layout":"default","site-content-layout":"default","ast-global-header-display":"","ast-banner-title-visibility":"","ast-main-header-display":"","ast-hfb-above-header-display":"","ast-hfb-below-header-display":"","ast-hfb-mobile-header-display":"","site-post-title":"","ast-breadcrumbs-content":"","ast-featured-img":"","footer-sml-layout":"","theme-transparent-header-meta":"default","adv-header-id-meta":"","stick-header-meta":"","header-above-stick-meta":"","header-main-stick-meta":"","header-below-stick-meta":"","footnotes":""},"class_list":["post-1293","page","type-page","status-publish","hentry"],"_links":{"self":[{"href":"https:\/\/eud.vn\/index.php\/wp-json\/wp\/v2\/pages\/1293","targetHints":{"allow":["GET"]}}],"collection":[{"href":"https:\/\/eud.vn\/index.php\/wp-json\/wp\/v2\/pages"}],"about":[{"href":"https:\/\/eud.vn\/index.php\/wp-json\/wp\/v2\/types\/page"}],"author":[{"embeddable":true,"href":"https:\/\/eud.vn\/index.php\/wp-json\/wp\/v2\/users\/1"}],"replies":[{"embeddable":true,"href":"https:\/\/eud.vn\/index.php\/wp-json\/wp\/v2\/comments?post=1293"}],"version-history":[{"count":54,"href":"https:\/\/eud.vn\/index.php\/wp-json\/wp\/v2\/pages\/1293\/revisions"}],"predecessor-version":[{"id":1611,"href":"https:\/\/eud.vn\/index.php\/wp-json\/wp\/v2\/pages\/1293\/revisions\/1611"}],"wp:attachment":[{"href":"https:\/\/eud.vn\/index.php\/wp-json\/wp\/v2\/media?parent=1293"}],"curies":[{"name":"wp","href":"https:\/\/api.w.org\/{rel}","templated":true}]}}